 Suppose -16 = -5*b + b - 4*q, -s*q + 26 = 5*b. What is the units digit of b?
7
Let g(r) = -r - 11 + 14 + 15. What is the units digit of g(14)?
4
Let p(w) = 3*w + 8. Let j be p(-6). Let z(s) = s + 20. What is the units digit of z(j)?
0
Suppose 4*q + q - 60 = 0. Suppose 4*d + 0*d - 5*g = -q, 4*g - 26 = -5*d. What is the units digit of d?
2
Let c = 5 - -1. Let o = c + -3. What is the units digit of o?
3
Let u(q) = -q**3 + 4 + 6*q - 4*q**2 - 4*q**2 + 3*q**2. Let z be u(-6). Suppose 0 = -5*g, -4 = -4*f + z*g - 0. What is the units digit of f?
1
Suppose -r = 0, -v + 6*v + 4*r = 25. Suppose v*s - 2*s - 12 = 0. Suppose s*o - 2 = 6. What is the units digit of o?
2
Suppose 5*k - 2*z = 521, 2*k + 6*z = 2*z + 218. What is the units digit of k?
5
Let d(h) be the first derivative of h**4/4 - h**3/3 - 3*h**2/2 + 2*h + 5. What is the units digit of d(3)?
1
Suppose 0 = -s + 29 + 36. What is the units digit of s?
5
Let f(n) = -n - 9. Let p be f(-9). Suppose -6 = -c - p*c. What is the units digit of c?
6
Let p(g) = -8*g**2 + 3 - g + g**3 - 2*g**3 - 6*g. Suppose 5*t = 5*i + 3*t + 43, 3*i = -3*t - 9. What is the units digit of p(i)?
3
Suppose c - 87 = w - 6*w, -3*w + c + 49 = 0. What is the units digit of w?
7
Let j(v) = -14*v + 4. What is the units digit of j(-6)?
8
Let i = -7 - -132. What is the tens digit of i?
2
Suppose -4*z - 4*p = -7*p - 4, -3*p = 3*z - 24. Suppose -z*m + 13 = h, 2*h + 5*m = -0*h + 35. What is the units digit of h?
5
Let k be (2 - 0) + (6 - 1). Let r = 15 - k. What is the units digit of r?
8
Let p = 503 - 99. What is the tens digit of p?
0
Let j(u) = 3*u**2 + 11*u + 5. Let q(f) = f**2 + 1. Let o(x) = j(x) - 2*q(x). What is the units digit of o(-11)?
3
Let f(a) = -5*a - 6. Let s be f(-6). Suppose 8*k - 33 = 5*k. Let n = s - k. What is the units digit of n?
3
Suppose -10 = -2*x - 0*x. Suppose -x*j + 11 = -14. Suppose 0 = -3*f + j*t + 3, f + 1 - 2 = -3*t. What is the units digit of f?
1
Let o(m) = -m - 9. Let d be o(-7). Let l(s) = -2*s**2 - s + 1. Let q be l(d). Let x = q - -11. What is the units digit of x?
6
Let r(c) = 145*c**2. What is the tens digit of r(-1)?
4
Suppose -5*c = -0*c + 40. Let v = c + 13. What is the units digit of v?
5
Suppose 5*u = -2*c + 29 - 0, -2*u = -10. Suppose -c = 2*s - 3*s. What is the units digit of s?
2
Let z be ((-4)/5)/((-8)/20). Suppose 5*j - 370 = 5*p - 120, 5*j - 4*p - 251 = 0. What is the units digit of z/(-4) - j/(-6)?
8
Suppose 3*i - x = 35, 5*i + 0*x = 4*x + 70. Suppose 0 = u - 6*u + i. What is the tens digit of 12 - 3/(3/u)?
1
Suppose -3 = f + f + w, f - 9 = 3*w. Let x(s) = -s**2 + s + 31. What is the tens digit of x(f)?
3
Let t(p) = -p**3 + 6*p**2 - 5*p + 4. Let m be t(5). Suppose -4 = -2*v + m*v. What is the units digit of -6*v/(-8)*-6?
9
Suppose -5*b + 82 + 108 = 0. What is the tens digit of b?
3
Let m(q) = -q**2 + 2*q + 6. Let g be m(7). Let u = g + 45. What is the tens digit of u?
1
Let c = -158 - -284. What is the hundreds digit of c?
1
Let v(q) = 4*q**2 - 10*q + 13. What is the units digit of v(6)?
7
Suppose -1 = 3*o + 2, -54 = -5*u - o. Let c = 7 - u. Let f = c - -7. What is the units digit of f?
3
Let j(h) = h**2 + 6. Let z be j(0). Suppose -4*c + 6*c - z = 0. Suppose 0 = k - 4*p + 8, -4*k + c*p = 9 - 42. What is the tens digit of k?
1
Suppose -137 - 23 = 4*r. What is the units digit of 12/(-6) - r*1?
8
Let w = -6 + 3. Let l(r) = -2*r**2 + 4*r + 5. Let t be l(4). Let s = w - t. What is the units digit of s?
8
Let g(q) = -q - 3. Let j be g(-3). Suppose j = -3*r + 8 - 2. What is the units digit of r?
2
Suppose 34 = 3*f + d, -4*f + 0*d - d + 46 = 0. What is the tens digit of f?
1
Let i = 26 + -14. Suppose 3*p = p + i. What is the units digit of p?
6
Let m = -9 + 16. Suppose -m*u = -3*u - 52. What is the units digit of (-2)/(-5) - u/(-5)?
3
Suppose 0 = 3*g - 9, 2*d + 4*g - 39 = g. What is the units digit of d?
5
Let b be (9/4)/(9/48). Suppose 2*k - 5*j - 15 = 0, 2*k - 3*j = j + b. Suppose -h - 4 + 12 = k. What is the units digit of h?
8
Suppose -2*g - 7 = -3*n, 7 = -g + 4*g - n. Suppose m + 0 = -5*c - 19, 3*c - 9 = -g*m. What is the units digit of m?
6
Suppose 4*c + 2*x - 26 = 0, 2*x + 3*x = c - 23. Suppose -2*q = -c, 2*z - 32 = q - 0*q. What is the units digit of z?
8
Let l = -1384 + 794. Let u be l/(-25) + (-2)/(-5). Suppose -y = 2*y - u. What is the units digit of y?
8
Let a(o) = -2*o - 10. What is the tens digit of a(-10)?
1
Suppose -2*o = 3*o + 3*c - 41, 0 = 2*o - 5*c - 4. Suppose o*s - 2*s = 5. Suppose 7 = k - s. What is the units digit of k?
8
Suppose z - 52 - 54 = -2*v, -2*z + 210 = 3*v. What is the tens digit of z?
0
Suppose 252 = 5*m - 2*f, 0 = m - 6*f + 3*f - 53. What is the tens digit of m?
5
Suppose 2 = -4*d - 14. Let y(b) = 2*b**2 + 1. Let n be y(-2). Let j = d + n. What is the units digit of j?
5
Let r(m) = -m**2 - 9*m - 10. Let d be r(-7). Let o = 0 + d. What is the units digit of (2/o)/((-3)/(-18))?
3
Let y(a) = a**2 + 2*a + 6. Let s(l) = -l**2 - l - 6. Let g(m) = -5*s(m) - 6*y(m). Let x(k) = -k**3 - k - 4. Let c be x(0). What is the units digit of g(c)?
6
Let x = -108 + 39. Let b be ((-8)/(-6))/((-2)/x). Suppose 3*o - 2*u = -4*u + b, -17 = -o - u. What is the units digit of o?
2
Suppose 5*t = -55 + 225. What is the units digit of t?
4
Let l(q) = -q**2 + 12*q + 7. Let z be l(13). Let d(f) = 4 - f**3 - 3*f**2 - 4*f**2 - 6*f - 1. What is the units digit of d(z)?
3
Let z = -111 - -174. What is the units digit of z?
3
Let g(x) = 7*x + 71. What is the tens digit of g(13)?
6
Let o = -4 - 17. What is the units digit of -2*(-12)/8 - o?
4
Suppose 306 = 3*u + 6*u. What is the tens digit of u?
3
Suppose -4*s + 1374 = 74. What is the hundreds digit of s?
3
Let t(j) be the third derivative of j**6/120 - j**5/30 - j**4/6 + 2*j**3/3 + 4*j**2. What is the units digit of t(4)?
0
Suppose 5*o - 2*o + 5*z = 28, 0 = -2*o - 3*z + 18. What is the tens digit of 80/o + 6/9?
1
Suppose 4*a = -p + 9, -4*a + 23 = -5*p - 4. Suppose -2*w - 2*w = -2*d + 34, -a*d - 4*w = -41. What is the units digit of d?
5
Let y(u) = -u**3 + 11*u**2 + 5*u - 21. What is the units digit of y(6)?
9
Let f = 7 + 8. What is the units digit of f?
5
Let g = -4 + 7. Let f = g - -28. What is the units digit of f?
1
Let s = 22 + -7. What is the tens digit of s?
1
Let s be -2 + -14*(-3)/6. Let h = 0 + s. Suppose 3*l = 3*f - 2*f + 21, -h*l = -5*f - 25. What is the units digit of l?
8
Let k = 2 - 0. Suppose k*m - 18 = -2*a, -4*m + 0*m + 4*a + 44 = 0. Let i = m + -1. What is the units digit of i?
9
Suppose -2*v - b = 3*b - 28, -3*b + 3 = -3*v. Suppose 0*p + 96 = v*p. What is the tens digit of p?
2
Let r(d) = 3*d + 4. What is the tens digit of r(3)?
1
Let w be 3/(-3*(-4)/656). Suppose -w + 4 = -5*p. What is the tens digit of p?
3
Suppose 0 = -0*k + 5*k - 40. What is the units digit of k/(-2)*6/(-12)?
2
Let c(v) = 5*v + 13. Let i(d) = -3*d - 7. Let p(f) = -4*c(f) - 7*i(f). Let a be p(-3). Let r = -2 - a. What is the units digit of r?
4
Suppose 2*m + 5*o + 23 = -0*m, 4*o + 22 = 2*m. Let v be (-1 - 0) + 3 + 2. Suppose -5 + m = -v*p. What is the units digit of p?
1
Let b(q) = -24*q - 28. What is the hundreds digit of b(-7)?
1
Suppose 3*j = j + 108. Suppose -5*g + 4*n = -88, -5*n = 4*g - 0*n - j. What is the units digit of g/2 + -2 + 2?
8
Let a be (19/(-2))/(6/(-12)). Let c = -1 - -1. Suppose -2*y - 3 + a = c. What is the units digit of y?
8
Let o = -42 - -60. What is the units digit of o?
8
What is the units digit of (-3 - 1)/((-4)/94)?
4
Let a(y) = -y**3 - 5*y**2 - 3. Let n be a(-6). Let h = -46 + n. Let x = 23 + h. What is the tens digit of x?
1
What is the tens digit of 1 - (-45 - (-4)/2)?
4
Let g be -12*(4/12 + -3). Suppose -g = 2*a - 3*a. What is the tens digit of a?
3
Suppose 0 = 6*l - 2*l - 20. What is the units digit of l/((-5)/(-22)) + -3?
9
Let s(v) = v**3 - 9*v**2 + 2*v + 12. Let p be -2 + 22*(-3)/(-6). What is the tens digit of s(p)?
3
Let x = -7 - -9. What is the units digit of x/1 + (2 - -3)?
7
Let g be 27/6*2/3. Let y be 22/3 - (-2)/g. Suppose -o + y = o. What is the units digit of o?
4
Let h(y) = 54*y + 4. What is the hundreds digit of h(2)?
1
Let y(j) = 4*j - 2. Let p be y(2). Suppose n + p*b - 19 = b, -2*n + b + 71 = 0. What is the tens digit of n?
3
Suppose -5 = -3*i - 2. What is the units digit of i?
1
Let h(u) = 3 - 3*u + 2